{"id":21,"date":"2016-02-17T15:30:57","date_gmt":"2016-02-17T14:30:57","guid":{"rendered":"http:\/\/localhost\/wordpress\/?page_id=21"},"modified":"2020-12-09T21:49:15","modified_gmt":"2020-12-09T20:49:15","slug":"realizacja-badan","status":"publish","type":"page","link":"https:\/\/projekt2b.pl\/wordpress\/","title":{"rendered":"Realizacja bada\u0144 jako\u015bciowych"},"content":{"rendered":"<blockquote><p>Realizacj\u0105 bada\u0144 jako\u015bciowych zajmuj\u0119 si\u0119 od roku 1997. Pocz\u0105tkowo by\u0142y to badania etnograficzne realizowane podczas studiowania antropologii kulturowej i socjologii. Potem od roku 2003 zaj\u0119\u0142am si\u0119 realizacj\u0105 przede wszystkim bada\u0144 marketingowych i spo\u0142ecznych. Stworzy\u0142am zesp\u00f3\u0142, kt\u00f3ry wsp\u00f3\u0142pracuje z wieloma koordynatorami, co pozwala nam na przeprowadzanie bada\u0144 na terenie ca\u0142ego kraju. Od tego czasu zrealizowali\u015bmy ogromn\u0105 ilo\u015bci r\u00f3\u017cnorodnych projekt\u00f3w. Naszym kluczem do sukcesu jest indywidualne podej\u015bcie do ka\u017cdego zlecenia i odpowiedni system kontroli respondent\u00f3w.<\/p><\/blockquote>\n<p><strong>Nasza oferta<\/strong><\/p>\n<p>Zajmujemy si\u0119 kompleksow\u0105 realizacj\u0105 prac terenowych poczynaj\u0105c od tworzenia kwestionariuszy rekrutacyjnych, poprzez rekrutacj\u0119, rezerwacj\u0119 fokusowni, kontrol\u0119 respondent\u00f3w, moderowanie, ko\u0144cz\u0105c na sporz\u0105dzaniu transkrypcji czy notatek. Cz\u0119sto te\u017c firmy zlecaj\u0105 nam przeprowadzenie samej rekrutacji.<\/p>\n<p>Wyspecjalizowali\u015bmy si\u0119 w rekrutacji respondent\u00f3w do nastepuj\u0105cych bada\u0144 jako\u015bciowych:<\/p>\n<ul>\n<li>Badania marketingowe<\/li>\n<li>Badania spo\u0142eczne<\/li>\n<li>Badania etnograficzne, w tym z dzienniczkami<\/li>\n<li>Badania u\u017cyteczno\u009cci stron internetowych<\/li>\n<li>Badania eyetrackingowe<\/li>\n<li>Badania neuromarketingowe EEG, GSR<\/li>\n<li>Badania online, blogi<\/li>\n<li>Shop along<\/li>\n<li>Specjalistyczne testy central location<\/li>\n<li>Badania w\u015br\u00f3d ekspert\u00f3w np: lekarzy, ekonomist\u00f3w, prawnik\u00f3w<\/li>\n<li>Badania klimatu organizacji<\/li>\n<\/ul>\n<p>Rekrutujemy respondent\u00f3w do bada\u0144 jako\u015bciowych prowadzonych w formie FGI, IDI, TIDI, in-home, diad, triad, warsztat\u00f3w kreatywnych.<\/p>\n<p>Oferujemy tak\u017ce:<\/p>\n<ul>\n<li>Obs\u0142ug\u0119 wynagrodze\u0144 respondent\u00f3w<\/li>\n<li>Sporz\u0105dzanie transkrypcji\/notatek<\/li>\n<li>Moderowanie<\/li>\n<li>Tworzenie raport\u00f3w<\/li>\n<li>T\u0142umaczenie raport\u00f3w, transkrypcji na j\u0119zyk angielski<\/li>\n<\/ul>\n<p>G\u0142\u00f3wnie realizujemy badania dla innych agencji badawczych i dla ich klient\u00f3w z bran\u017c:<\/p>\n<ul>\n<li>Teleinformatycznej<\/li>\n<li>Energetycznej<\/li>\n<li>Farmaceutycznej i medycznej<\/li>\n<li>Finansowo-ubezpieczeniowej<\/li>\n<li>FMCG<\/li>\n<li>Sektora publicznego i NGO<\/li>\n<\/ul>\n<p><strong>Jako\u015b\u0107 bada\u0144<\/strong><\/p>\n<p>W badaniach jako\u015bciowych istotny jest ka\u017cdy respondent, \u017ale zrekrutowana jedna osoba wp\u0142ywa negatywnie na ca\u0142e badanie. M\u00f3j zesp\u00f3\u0142 w czasie rekrutacji staranie dba o najmniejsze szczeg\u00f3\u0142y. Przeszkolone osoby podczas rozmowy telefonicznej sprawdzaj\u0105 czy respondenci spe\u0142niaj\u0105 kryteria zadaj\u0105c im szczeg\u00f3\u0142owe pytania.<\/p>\n<p><strong>Zapraszamy do wsp\u00f3\u0142pracy!<\/strong><\/p>\n<p>Magdalena Diem<br \/>\nprojekt2b@projekt2b.pl<br \/>\ntel. 791 533 114<\/p>\n","protected":false},"excerpt":{"rendered":"<p>Realizacj\u0105 bada\u0144 jako\u015bciowych zajmuj\u0119 si\u0119 od roku 1997. Pocz\u0105tkowo by\u0142y to badania etnograficzne realizowane podczas studiowania antropologii kulturowej i socjologii. Potem od roku 2003 zaj\u0119\u0142am si\u0119 realizacj\u0105 przede wszystkim bada\u0144 marketingowych i spo\u0142ecznych. Stworzy\u0142am zesp\u00f3\u0142, kt\u00f3ry wsp\u00f3\u0142pracuje z wieloma koordynatorami, co pozwala nam na przeprowadzanie bada\u0144 na terenie ca\u0142ego kraju. Od tego czasu zrealizowali\u015bmy ogromn\u0105&#8230;<\/p>\n","protected":false},"author":1,"featured_media":19,"parent":0,"menu_order":0,"comment_status":"closed","ping_status":"closed","template":"page_fullwidth.php","meta":{"footnotes":""},"_links":{"self":[{"href":"https:\/\/projekt2b.pl\/wordpress\/wp-json\/wp\/v2\/pages\/21"}],"collection":[{"href":"https:\/\/projekt2b.pl\/wordpress\/wp-json\/wp\/v2\/pages"}],"about":[{"href":"https:\/\/projekt2b.pl\/wordpress\/wp-json\/wp\/v2\/types\/page"}],"author":[{"embeddable":true,"href":"https:\/\/projekt2b.pl\/wordpress\/wp-json\/wp\/v2\/users\/1"}],"replies":[{"embeddable":true,"href":"https:\/\/projekt2b.pl\/wordpress\/wp-json\/wp\/v2\/comments?post=21"}],"version-history":[{"count":15,"href":"https:\/\/projekt2b.pl\/wordpress\/wp-json\/wp\/v2\/pages\/21\/revisions"}],"predecessor-version":[{"id":68,"href":"https:\/\/projekt2b.pl\/wordpress\/wp-json\/wp\/v2\/pages\/21\/revisions\/68"}],"wp:featuredmedia":[{"embeddable":true,"href":"https:\/\/projekt2b.pl\/wordpress\/wp-json\/wp\/v2\/media\/19"}],"wp:attachment":[{"href":"https:\/\/projekt2b.pl\/wordpress\/wp-json\/wp\/v2\/media?parent=21"}],"curies":[{"name":"wp","href":"https:\/\/api.w.org\/{rel}","templated":true}]}}